. Suppose r - 6*r - 5 = -x*v, 3*v - 3 = -4*r. Suppose -3*b + 4*b - 30 = r. What is the tens digit of b?
3
Suppose -85*l + 1481 = 4*h - 88*l, -5*h + 3*l + 1849 = 0. What is the units digit of h?
8
Let q = -7116 + 12933. What is the hundreds digit of q?
8
Suppose -2*u - 766 = -4*u. Let t = -146 + u. What is the tens digit of t?
3
Let w = 5040 - 1265. What is the tens digit of w?
7
Let c = 277 - 281. Let t(h) = -h**3 + 6*h**2 + 10*h + 14. What is the hundreds digit of t(c)?
1
Suppose -3*o + o = o. Suppose 7*c - 15*c + 3008 = o. What is the hundreds digit of c?
3
Suppose 144*t - 3*b - 353788 = 139*t, -2*b = 5*t - 353833. What is the thousands digit of t?
0
Let u = -5 - -10. Let y(k) = -k**3 - 10*k**2 + 9*k - 20. Let n be y(-11). Suppose n*o - u*o = -282. What is the tens digit of o?
9
Let q = 3113 - -598. What is the hundreds digit of q?
7
Suppose 671 = 4*x - 3*c - 87, 5*x - 4*c = 948. Let i(a) = 14*a**2 - 233*a + 60. Let l be i(16). Let w = x + l. What is the hundreds digit of w?
1
Let k(t) = -19*t**3 + 2*t**2 - 16*t + 2. What is the tens digit of k(-11)?
0
Suppose 3*s - 4*t + 23 = -0*t, s + 5*t = -33. Let g(z) = 11*z**2 + 29*z + 17. Let o be g(s). Suppose 5*p = o - 399. What is the units digit of p?
0
Suppose -q + 10*w - 6*w = 2, -2*w + 4 = 0. Suppose -7919 - 595 = -q*g. What is the tens digit of g?
1
Let u(i) = 0 + 2 + 4*i**3 + 8*i + 5*i**2 + 3*i**2 - 3*i**3. Let f be u(-6). Suppose 0 = z - 2*y - f, 5*z - 49 = -5*y + 51. What is the tens digit of z?
2
Let a(n) = n**2 + 19*n + 11. Let z be a(-10). Let p = 810 + z. What is the tens digit of p?
3
Let v(j) = j**2 + 5*j - 12. Let q be v(-7). Suppose 5*h + 3*t + 274 = -429, 3*t = q*h + 298. Let m = -55 - h. What is the tens digit of m?
8
Let a(t) = 1003*t - 486. What is the thousands digit of a(9)?
8
Let f(k) be the third derivative of -k**6/120 + 11*k**5/60 - 5*k**4/12 + 11*k**3/6 - 42*k**2 - 3. What is the hundreds digit of f(-6)?
6
Let v be ((-12)/(-10))/((-12)/(-90)). Suppose 12*g - v = 15. Let f(l) = 34*l**2 - 3*l + 11. What is the hundreds digit of f(g)?
1
Let u = 1837 + 1859. What is the thousands digit of u?
3
Let y be (51 - 4) + 1 + -4. Let c be ((-140)/(-3) - 0) + y/(-66). Suppose -c*u = -51*u + 190. What is the units digit of u?
8
Let z(n) = -2*n**2 - 3*n - 4. Let k(p) = -3*p**2 - 6*p - 7. Let l(f) = 3*k(f) - 5*z(f). Let u be l(4). What is the units digit of 41 + 3 - (u - (5 - 3))?
3
Suppose 0 = -2181*c + 2213*c - 732032. What is the tens digit of c?
7
Let b = 8557 + -2464. Suppose -181*w + 172*w = -b. What is the units digit of w?
7
Let t = -20340 + 27038. What is the thousands digit of t?
6
Suppose -4*q + 11891 = -3*s, 7*q - 9*q + 5953 = s. Suppose q = 8*k - 2353. What is the tens digit of k?
6
Let u(j) = 4*j + 4. Suppose z - 4*b - 3 = 0, z = 5*z - 4*b. Let p be u(z). Suppose 3*s - 5*i + 79 = 4*s, p = -3*s + 3*i + 201. What is the units digit of s?
9
Suppose 4*g - 3*q + 7676 = -q, 5*q = 20. What is the hundreds digit of (-13 - -11)*(g/(-2))/(-3)?
6
Let x(y) = 14*y**2 + 30*y + 45. What is the tens digit of x(38)?
0
Suppose 2*m - 6 = -i, -12*m + 7*m = -2*i + 39. Suppose i*a - 3554 = 1414. What is the units digit of a?
4
What is the hundreds digit of (-9 - -17718) + (22 - 3)?
7
Let d = 11102 + -10949. What is the tens digit of d?
5
Suppose r - 919 = -3*x + 173, -2*r - 378 = -x. What is the tens digit of x?
6
Let x = 20041 - -4018. What is the hundreds digit of x?
0
Suppose -5*b - 448 = -9*b. Suppose 0 = 2*j - 11*q + 10*q - b, q = j - 58. What is the units digit of j?
4
Suppose 2*r + 3*q = -33, 14*r - 17*r - q - 53 = 0. Let m = r + 304. What is the hundreds digit of m?
2
Suppose -25 = -4*y + 27. Let v be 4*2 + (29 - 38). What is the tens digit of ((-28)/(-6) + v)/(y/351)?
9
Suppose -23*w + 222 = -629. Suppose -3*i - w = -6*i - r, 5*r = -4*i + 31. What is the tens digit of i?
1
Suppose -7*z + 6*z = 4*r - 15, 5*r - z - 12 = 0. What is the hundreds digit of r + -1 + (-33 - -300)?
2
Let z(f) = -11*f**3 - 4*f**2 + 3*f + 11. Let s be z(-2). Suppose 0 = s*i - 62*i - 12570. What is the units digit of i?
8
Let l be 6/(-3)*(-63)/18. Suppose l*g - 10*g + 5009 = 4*d, -1262 = -d - 4*g. What is the tens digit of d?
5
Let c = 309 + -306. What is the units digit of (-6 + -2)/(c*2/(-96))?
8
Let a be ((-3)/21 - 1304/(-14)) + -3. Suppose q = -5*v + a + 1382, 5*q = -5*v + 1480. What is the units digit of v?
4
Let j(d) = 4*d - 33. Let y be j(8). What is the hundreds digit of y/(-2) - (-3)/6 - -172?
1
Let t = 32 + -25. Let c be (-21)/(t - 4)*6*-2. Suppose -o + c = v, 4*v - o - 4*o - 300 = 0. What is the tens digit of v?
8
Let l = 289 + -143. Let i = l - 5. What is the units digit of i?
1
Suppose -3*c = 7*c - 10. What is the tens digit of 1189/(c + 5 + (-5)/1)?
8
Let v = -786 - -1580. Suppose -4*q + 1410 = -v. What is the units digit of q?
1
Let s = 1 - -4. Suppose 5*t + 65 = s. What is the units digit of t*((-13)/(-4) + -4)?
9
Let i = 13463 - -18192. What is the thousands digit of i?
1
Let p(j) = 4*j - 24. Let z(u) = 4*u**2 - 7. Let b = 58 + -60. Let a be z(b). What is the tens digit of p(a)?
1
Suppose -5*y - 11 = l, 3*y = y - 6. Let a be 0 + l + 0 + 8. Suppose 318 = -a*i + 18*i. What is the tens digit of i?
5
Let v be (-3 - (-4 + 3 + -2))/(-1). Suppose -t - m = -0 - 5, v = t + 3*m - 7. Suppose -2*j + 76 = -t*x, 3*j - 2*x = 4*j - 42. What is the tens digit of j?
4
Let o be (-7*30/12)/((-1)/(-2)). What is the hundreds digit of ((-138425)/30)/o - 1/(-6)?
1
Let r = -10455 - -23042. What is the tens digit of r?
8
What is the hundreds digit of (222 - -11)/((-45)/(-15)*(-2)/(-876))?
0
Suppose -3 = -4*u + 3*u - 3*v, 0 = -3*u - 3*v + 3. Suppose -4*h - 1252 = -2*s, s = -u*s + h + 625. What is the units digit of s?
4
Suppose -h = h. Suppose h = 17*w - 26*w + 2376. What is the units digit of w?
4
Let f be 136 + 2 + -1 + 0. Let r be 27/54*(-282)/3. Let x = f - r. What is the units digit of x?
4
Suppose -16 = t - 5*t. Let u = 63 + -48. Let n = u - t. What is the tens digit of n?
1
Let u be 144/(-14) - -5*(-4)/(-70). Let x(q) = -q**3 + 5*q**2 + 19*q + 1. What is the units digit of x(u)?
1
Let h be (-27)/((-3)/1) + -4. Let f be (-1 - 0) + 11 + 57. Suppose f = h*p - 18. What is the tens digit of p?
1
Let n = 19332 - 12869. What is the tens digit of n?
6
Suppose 193269 + 209584 = 29*o + 130311. What is the units digit of o?
8
Suppose -9*r - 3864 + 31485 = 0. Let f = r + -1474. What is the units digit of f?
5
Let o(u) = 2*u**2 - 10*u + 923. Let w be o(0). Suppose -v + w = -5*y, -803 = -v - 3*y + 144. What is the hundreds digit of v?
9
Let f(r) = -109*r + 1. Let n be f(-1). Let w(a) = 30*a - 16. Let l be w(3). Let i = n - l. What is the units digit of i?
6
Let k be (-2 + 1)*1 - -357. Suppose 3*d - s + 713 = 0, s = -3*d + 5*s - 728. Let l = k + d. What is the tens digit of l?
2
Suppose 30 = 90*a - 85*a. Suppose -752 - 1204 = -a*q. What is the hundreds digit of q?
3
Suppose 0 = 91*t - 79*t. Suppose -3*g + 99 = j, j + j + 4*g - 192 = t. What is the tens digit of j?
9
Let d = 107164 - 71785. What is the thousands digit of d?
5
Let w be 8 - (5 + -8 + 5). Let f(l) = -l**3 + 9*l**2 - 12*l + 27. What is the tens digit of f(w)?
6
Suppose 66*t - 720418 - 428972 = 0. What is the units digit of t?
5
Suppose 2*g + 5*r - 193666 = -62827, 4*r - 196241 = -3*g. What is the ten thousands digit of g?
6
Let w(g) = -g**3 - 14*g**2 + 33*g - 41. Let p be w(-17). What is the hundreds digit of (1 - 0) + -4 + p + 90?
3
Suppose 0 = 2*p - 2*u + u - 15, 3*p - 3*u - 21 = 0. Suppose -p*t = -7*t. Suppose 0*b + 2*m + 205 = 5*b, t = 2*b + 5*m - 53. What is the tens digit of b?
3
Let t = -52 + 47. Let a = -11 - t. What is the tens digit of (-1)/a - (-2946)/36?
8
Suppose -6*a - 16 = -14*a. Let y = -7 - -11. What is the units digit of (y/(-3) + a)*15?
0
Let z be (-3)/(-9) + (-194)/6. Let y be (36 + -34)/(220/(-109) + 2). Let j = z - y. What is the units digit of j?
7
Let z(t) = 4288*t - 4274. What is the hundreds digit of z(13)?
4
Let y = 54140 + -31438. What is the hundreds digit of y?
7
What is the hundreds digit of (30/(-18))/((-45)/38772)?
4
Let n(h) = -679*h**3 - 4*h**2 + 5*h + 8. What is the thousands digit of n(-2)?
5
Let y = 10910 + -3830. Let f be 0 - (-10)/(-45) - y/(-27). Let t = -109 + f. What is the units digit of t?
3
Let o = 442 + -404. Let v(t) = 